ts digit of z?
4
Let f = -569 + 570. Let p(b) = 100*b**2 + 18*b - 19. What is the units digit of p(f)?
9
Suppose -5*j + 14123 = v, 0 = 5*j + 33*v - 37*v - 14133. What is the units digit of j?
5
Suppose -21 = 6*g - 15. Let h(f) = 838*f**2 + 5*f - 1. What is the units digit of h(g)?
2
Suppose 11*i + 50*i - 801085 = 349863. What is the hundreds digit of i?
8
Let u(h) = 14*h**2 + 2*h - 4. Let n(k) = -k**3 + 4*k**2 + 4*k + 2. Suppose 0 = 3*j - 8*j + 25. Let z be n(j). What is the hundreds digit of u(z)?
1
Suppose 4*y = 15 - 3. Suppose 518 - 8 = 5*a + 3*o, y*a - 335 = 4*o. What is the tens digit of 6916/a + (-2)/(-15)?
6
Suppose -85*l + 88*l + 4*h = 13660, -18210 = -4*l - 2*h. What is the tens digit of l?
5
Suppose 2*g - 274 = -2*m, -2*g + 4*g - 249 = 3*m. Suppose -2058 = -4*l - 3*l. Let v = l - g. What is the units digit of v?
2
What is the ten thousands digit of (-17)/(680/138730)*-12?
4
What is the hundreds digit of (5/(-4))/((-12)/32)*8583?
6
Let v(w) = 321*w + 39. Let y be v(4). Suppose 2*s - 2191 = -0*r - 5*r, 4*s = -3*r + y. What is the units digit of r?
7
Suppose -232206 = -8*u + 156138. What is the units digit of u?
3
Suppose 3539*k + 133570 = 3549*k. What is the hundreds digit of k?
3
Suppose -4*x + 35689 = a, -3*x = a - 4*a - 26748. What is the units digit of x?
1
What is the thousands digit of (6/5*1)/((-1110)/(-33419325))?
6
Let q(x) = -14*x + 174. Let m be q(12). What is the units digit of (m/4)/((-126)/(-588))?
7
Suppose 0 = -5*r + 3*k + 381 + 396, 16 = -4*k. Let n = 122 + r. Suppose -1305 + n = -5*q. What is the units digit of q?
6
Let m = -5 + 5. Suppose m = -s - 9 + 7. What is the tens digit of 380/8 - (-3)/s?
4
Let x be (6/5)/(30/(-75)). Let d be (-71)/x - 5/(-17 + 2). Let z(f) = f**3 - 25*f**2 + 29*f - 32. What is the units digit of z(d)?
8
Let t = 70300 + -28806. What is the units digit of t?
4
Suppose 272 = 3*k + 2*p, -3*p = 3*k - 0*p - 276. Let t = k - 79. What is the units digit of t?
9
Let o(u) = 15655*u**2 - 10*u + 6. What is the ten thousands digit of o(1)?
1
Suppose -397 - 107 = -g. Let q = -3323 + 3327. Suppose q*d + 2*x = -2*x + g, 4 = 2*x. What is the hundreds digit of d?
1
Let s be (-1 - 5 - -6) + -55. What is the tens digit of 22/s - (-441)/15?
2
Suppose 0 = 3*p - 2*z - 77097, -z - 90448 = -4*p + 12358. What is the tens digit of p?
0
Suppose 5*p + x = -26 - 7, -24 = 2*p - 5*x. Let y(i) = 15 + i**3 - 2*i**3 - 54*i**2 - 6*i + 47*i**2. What is the units digit of y(p)?
7
Let r(m) = 206*m**3 + 7*m**2 + 8*m - 30. What is the units digit of r(2)?
2
What is the hundreds digit of -47*(-3)/((-27)/(-45))?
2
Let a = -850 - -1315. Let v be (-267)/6*6 + 2. Let o = v + a. What is the units digit of o?
0
Let q = 20856 - 15145. What is the tens digit of q?
1
Suppose 0 = 4*z + 1 - 5. Let f(v) = 109*v**2 - 30*v**2 + 10*v**2 + v + 179*v**2 - 26*v**2. What is the hundreds digit of f(z)?
2
Let n(u) = -u + 13. Let y be n(9). Suppose v = 2*v - y. Suppose -3*w + p = -413, w = 3*w - v*p - 292. What is the tens digit of w?
3
Let b = 50544 + -12902. What is the thousands digit of b?
7
Let x(s) = 4*s**3 + 6*s**2 + 19*s - 20. Let w be x(7). Let k = w + -1168. What is the tens digit of k?
1
Let a = -65409 + 111709. What is the thousands digit of a?
6
Let f(h) = 7*h**2 + 237*h - 32. Let z be f(-34). Let b(j) = -j**3 + 5*j + 1. Let u be b(-5). What is the tens digit of (z + (u/2 - 0))*2?
0
Suppose -45*g + 49*g = 20. What is the units digit of -5 - (4 - g - 441)?
7
Let g(i) = -i + 12. Let u be g(6). Suppose u*m = -34 - 8. Let t(x) = 3*x**2 + 10*x - 14. What is the tens digit of t(m)?
6
Suppose 3*n = 4*d - 10894, -13583 = -5*d - 17*n + 15*n. What is the units digit of d?
9
Let p = 76 + -71. Suppose p*k - 2*k = -2*k. Suppose k = n - 34 - 139. What is the units digit of n?
3
Suppose -2*q - 2*q + 20 = 2*n, 4*q - 2*n - 4 = 0. Let c(u) = 59*u + 1. Let y be c(q). Let w = 298 - y. What is the tens digit of w?
2
Suppose -y + 2*i = -4474, -186*y + 13412 = -183*y - i. What is the units digit of y?
0
Suppose 3*r - 4*c - 63195 = 0, 28*c = -4*r + 31*c + 84267. What is the ten thousands digit of r?
2
Let t(o) = o + 3. Let x = 47 + -34. Let p be t(x). What is the units digit of (76/p*2)/((-1)/(-2))?
9
Let q = 45 - 33. Suppose q*p - 30 = 7*p. Suppose 4*l - 257 = -5*h, l - h + 295 = p*l. What is the units digit of l?
8
Let s be (1090/5 + -1)*-4. Let u = s + 1570. Suppose -5*x = x - u. What is the units digit of x?
7
Let b(p) = -p**3 + p**2. Let h(i) = -3*i**3 - 14*i**2 + 29. Let d(j) = 4*b(j) - h(j). What is the tens digit of d(14)?
5
Let r = 62 + -59. Suppose -69 = -r*t - 18. What is the units digit of t?
7
Let i be (225/(-20) + 8)*1*-4. Suppose -y = i*y - 70. Suppose 0 = 3*n + 3*p - 102, -4*p + 174 = -0*n + y*n. What is the units digit of n?
8
Suppose 223*j - 231*j = 0. What is the hundreds digit of (j + (-1)/3)*(-84111)/53?
5
Let v = -1914 - -3427. What is the tens digit of v?
1
Let k be (5 - 3)*(-1 + 3). Let g(t) = -8*t - 40*t**2 + k*t**3 + 15*t**2 + 23*t**2 + 3. What is the units digit of g(3)?
9
Let i = 277 - 252. Suppose 0 = 3*j + i*j - 420. What is the units digit of j?
5
Let q = -47507 + 99536. What is the tens digit of q?
2
Let o = 21 - 26. Let u(c) = -4*c**3 - 41*c**2 - 12*c - 57. Let f(q) = -3*q**3 - 27*q**2 - 8*q - 38. Let w(z) = o*u(z) + 7*f(z). What is the tens digit of w(16)?
8
Suppose 4*i - 25 = -5. Suppose -5*j + 2*t = -10, 4*j - 8*t - 36 = -12*t. Suppose c + 2*g = -3*c + 220, j*c - i*g = 220. What is the tens digit of c?
5
Let v(b) = 542*b**3 - 3*b**2 - 68*b + 206. What is the hundreds digit of v(3)?
6
Suppose 103*a - 43*a - 41*a = 332899. What is the thousands digit of a?
7
Let y = 15077 - 10199. What is the thousands digit of y?
4
Suppose -f = w - 4286, -2*w = 3*f - 14298 + 1435. What is the tens digit of f?
9
Suppose 62*o - 815 = 57*o. Suppose v + l - o = 0, -20 = -l - 3*l. What is the units digit of v?
8
Let v be (18/24)/((-1)/(-4)). Suppose -v*w + 2*w = -4, w = 2*l - 178. What is the tens digit of l?
9
Let p = -15150 + 54000. What is the ten thousands digit of p?
3
Let v(d) = -d**3 - 9*d**2 + 12*d + 16. Let u be v(-10). Let g be 139/((22/u)/11). Let a = g + 435. What is the hundreds digit of a?
1
Suppose 4*j - 3*z - 70 = 4, 0 = -2*z - 4. Suppose -2455 - 1404 = -j*p. What is the hundreds digit of p?
2
Let b be -1 - (0 - 3) - (1 + -2). Suppose -7 = -b*t - 1. What is the units digit of -12*(t - (-27)/(-4))?
7
Let p(i) = 82*i**2 - 17*i + 130. What is the thousands digit of p(5)?
2
Let z(h) = -9*h + 8. Let d be z(-8). Suppose 0 = -239*j + 246*j + 112. Let q = j + d. What is the tens digit of q?
6
Suppose 2324476 + 7231124 = 165*m + 35*m. What is the ten thousands digit of m?
4
Let x(t) = -141*t**3 + 2*t**2 - 4*t - 3. Let p be x(-3). Suppose 7*o - 576 - p = 0. Let q = o - 377. What is the tens digit of q?
5
What is the hundreds digit of (-41880 - 0)*(-378)/945?
7
Let h(p) = 12*p**2 - 8*p + 11. Let a be h(-6). What is the tens digit of a + 36/(-6) + 1?
8
Suppose 6216192 = 403*v - 99*v. What is the units digit of v?
8
Let o be (-1968)/21 - 14/49. Let s(a) = -14*a**2 + 3*a - 3. Let q be s(2). Let h = q - o. What is the tens digit of h?
4
Let j = 80 - 77. Suppose 0 = -4*r - b + 1692, 513 = 3*r + j*b - 756. What is the units digit of r?
3
Let i = -264 + 258. What is the units digit of ((-10374)/i)/7 - 3?
4
Suppose 9*t + 104 = 4*t - 4*v, -3*t - 62 = 2*v. Let f = 636 + t. What is the hundreds digit of f?
6
Suppose -h + 6 = -4*h - 4*i, -5*h = -3*i - 19. Let f be -6*((-17)/h - 3). Let c = f - 3. What is the units digit of c?
6
Suppose -11*n + 10186 + 4136 = 0. Let z = n + -928. What is the units digit of z?
4
Let z(a) = a**3 + 43*a**2 + 189*a - 24. Let l be z(-38). Suppose 30*i = l*i + 13696. What is the units digit of i?
6
Let o(f) = 5*f + 21. Let b be o(-5). What is the hundreds digit of (-90)/60 - 1454/b?
3
Let g(w) = w**3 - 87*w**2 - 159*w - 1452. What is the thousands digit of g(93)?
5
Let m = 21291 + -14836. Suppose 2*x - 140 = 2*f + 2442, -5*x + m = -3*f. What is the thousands digit of x?
1
Let s = -21 - -28. Let o(m) = -m + 30. Let l be o(s). Suppose 20*n = l*n - 117. What is the units digit of n?
9
Let g(o) = -o**2 + 6*o + 8. Let k be g(7). Let z be k/(2/(-15) - 658/(-3360)). What is the tens digit of 1554/z - (-6)/(-48)?
9
What is the thousands